- 3*y - 2. Suppose -14*o = -12*o - 90. Suppose 3*z + o = 4*k + 2*z, 2*z - 40 = -5*k. Let c be 34/(-10) - (-4)/k. Calculate f(c).
-2
Let h(o) = -4*o - 1. Let p = 3 + 29. Let j = -36 + p. Determine h(j).
15
Suppose 30*y + 10 = 4*h + 27*y, 2*h + 2*y = 12. Let m(g) = g - 12. Determine m(h).
-8
Let w(l) = -3*l**2 + 4*l + 0*l**3 - 2*l**3 - 3 - l**3 + 2*l**3. Let s = -45 - -65. Let o = s - 24. What is w(o)?
-3
Let a(k) = -11*k. Suppose 0 = -58*p + 53*p - 10. Give a(p).
22
Let z(o) = -o**3 + 1. Let l be z(-3). Let f(j) = -8*j - 6*j + 3*j. Let d(a) = 60*a. Let i(p) = l*f(p) + 5*d(p). Give i(-1).
8
Let y(m) = -3*m - 4. Let a(d) = 9*d**2 + 47*d + 11. Let j be a(-5). What is y(j)?
-7
Let j(b) = -b**3 + 14. Let s be 18/(-81) - ((-58)/18 - -3). What is j(s)?
14
Let v be ((-12)/10)/(5/(50/(-4))). Let b(d) = -v*d - 4*d - 7*d + d**2 + 12*d. Calculate b(3).
3
Let h(y) = -y**2 - 1. Let t(c) = -4*c + 9. Let d(a) = h(a) + t(a). Let p(w) = 4*w + 10. Let x be p(-4). Determine d(x).
-4
Suppose 0 = -5*s - 5*l - 60, 5*l - 6 + 27 = -2*s. Let u(t) = t - 2. What is u(s)?
-15
Let m(x) be the third derivative of x**4/6 - x**3/6 + 84*x**2. Suppose -4*v - 2*h + 0*h - 2 = 0, -3*v = 4*h - 1. Give m(v).
-5
Let z be 25/3 + 32 + -40. Let k(o) be the first derivative of -z*o**3 + 0*o**2 + 6 + 3/4*o**4 + 0*o. What is k(1)?
2
Let r(f) = f - 6. Let y be -30*-3*4/30. Suppose 84*a = 88*a - y. Determine r(a).
-3
Let c = -2567 - -2573. Let i(q) be the third derivative of q**6/120 - q**5/10 - q**4/24 - 5*q**3/6 + q**2. What is i(c)?
-11
Let r(q) = q - 12. Let c be ((-2)/(-4))/(1/(-6)) + 3. Suppose 5*f - 3*m - 23 + 4 = c, -18 = -2*f - 4*m. Determine r(f).
-7
Suppose -2*z - 2 = 2*l, 26*l - 4*z + 17 = 23*l. Let h(m) = -m**3 - 3*m**2 - m - 5. Give h(l).
-2
Let b(a) be the second derivative of 1/30*a**5 - 1/2*a**3 - 1/8*a**4 - 4*a**2 + 0 - 6*a + 1/120*a**6. Let o(n) be the first derivative of b(n). Determine o(-2).
3
Let k(a) = 3*a + 1251 - 635 - 10*a - 625. What is k(-4)?
19
Suppose -272 = -4*g - 6*c + 2*c, -c + 3 = 0. Let p(m) = -m**2 - 61*m + 6 + 0*m**2 + g*m. Let n = 12 - 6. Give p(n).
-6
Suppose -453 + 277 = -8*p. Let r(t) = t**3 - 23*t**2 + 22*t + 4. Determine r(p).
4
Let t(l) = 2*l - 2. Let q be (3/3)/(-3)*(2 + -50). Let b(o) = 2*o - 35. Let f be b(q). What is t(f)?
-8
Let r(u) = -u**2 + 19*u - 4. Let z = -53 + 66. Let y(f) = -2*f**2 + 39*f - 8. Let c(h) = z*r(h) - 6*y(h). Give c(13).
-4
Let s(f) = -f**3 - 8*f**2 + f + 9. Let r be s(-8). Let i(y) = 4*y. Let p(w) = -7*w + 2*w + 1 - 1. Let o(q) = -6*i(q) - 5*p(q). Give o(r).
1
Let n(y) = -19*y - 11. Let u(j) = -59*j - 36. Let r(k) = -13*n(k) + 4*u(k). What is r(3)?
32
Let s(q) = -12*q**2 + 14*q + 29. Let n(o) = 7*o**2 - 9*o - 14. Let g(b) = -7*n(b) - 4*s(b). What is g(4)?
-6
Let o(y) be the second derivative of 0 + 14*y + 1/12*y**4 + 1/3*y**3 + 3*y**2. What is o(-4)?
14
Let g = 51 + -35. Suppose -g*f + 17*f - 4 = 0. Let n(j) = j**2 - 3*j - 4. Determine n(f).
0
Suppose -2*u + 2*s - 40 = -s, 4*s + 26 = -3*u. Let q = u - -18. Let i(w) = 2 + 1 + 0 - q*w + w**2. Determine i(2).
-1
Let f(p) = -4 + 4 + p. Suppose 30 = 2*x + 4*g, -109*g = -3*x - 107*g + 5. What is f(x)?
5
Let q(l) be the third derivative of -l**6/240 + l**5/24 - 11*l**4/24 - 16*l**2. Let n(g) be the second derivative of q(g). What is n(7)?
-16
Let t(g) be the first derivative of g**2 + 2*g + 90. Calculate t(-5).
-8
Let p(w) = -2*w**2 - 5*w + 17. Let k = 2229 - 2236. Calculate p(k).
-46
Suppose 3*i = 7*i - 208. Let w be 54/13 + (-8)/i. Let m(u) = -3*u + 0*u + u - 9 + w*u. Determine m(6).
3
Suppose 1386 = 2*j + 12*j. Let a = -101 + j. Let z(s) = 5*s + 1. Determine z(a).
-9
Let c(w) = -w + 1. Let t(o) = o. Let l(a) = 5*c(a) + 6*t(a). Suppose 2*k = 2, x + 3*k + 13 = 5*x. Suppose -y - 10 + x = 0. Determine l(y).
-1
Let t(y) = -58 + 45 + 14*y - 12*y. Determine t(6).
-1
Suppose 5*z - 4 = 36. Suppose 2*m + 0*m + z = 4*p, 2*p = 2*m. Let h(q) = 0*q + 473*q**2 + 1 + q**3 - 2 + q - 477*q**2. Calculate h(m).
3
Let g(j) = 7*j**2. Let s(c) = c**2 + c + 21. Let a be s(0). Let b = a + -16. Suppose -21 = -b*l + 4*z, -l + 5 = -0*l - z. Calculate g(l).
7
Let i = -1 + -1. Let q(o) be the third derivative of 1/2*o**3 - 26*o**2 + 1/8*o**4 + 0*o + 0. Determine q(i).
-3
Let p = -14 + 21. Let n = 11 - p. Let b(y) = -n - 4*y + 3 + 2 + y. What is b(2)?
-5
Let l(u) = -u**2 + u - 1. Let j(m) = 3*m**2 + 4*m - 6. Let c(a) = -j(a) - 4*l(a). Calculate c(4).
-6
Let g(x) be the first derivative of x**3/3 - 15*x**2/2 - 12*x + 13. Determine g(15).
-12
Let y be 57/21 + (-2)/(-7). Let g(w) = 4*w - 11*w**2 + 12*w**2 - 2*w + y. Give g(-3).
6
Let b be (-3 - (-682)/(-165)) + 2/15. Let j(k) = k**3 + 8*k**2 + 7*k - 5. What is j(b)?
-5
Let z(n) = -n**2 - 7*n - 5. Let g(k) = -14*k - 132. Let t be g(-9). Determine z(t).
1
Let v(c) = 10*c - 23. Let l be v(2). Let k(w) = -w - 9. Calculate k(l).
-6
Let z(u) be the third derivative of 0 + 0*u + 30*u**2 - 1/60*u**5 - 1/12*u**4 + 1/6*u**3. Give z(-4).
-7
Let u(d) be the first derivative of 3*d**2/2 + 2*d + 266. Give u(2).
8
Let i(w) = -5*w - 14*w**2 - w**3 + 6*w**2 - w**3 + 8*w**3 + 7 - 7*w**3. Let v = -3 + 6. Suppose 0 = -5*f + 3*q - 13 - 13, -v*f - 30 = 3*q. Calculate i(f).
-7
Let h(y) = -44*y - 170. Let x be h(-4). Let u(k) = 2*k + 4. What is u(x)?
16
Let l(s) be the first derivative of s**4/4 - 4*s**3/3 - s**2 + 6*s - 28. Give l(4).
-2
Let a(p) = -p**2 + 5. Suppose 0 = -4*m + 16 + 8. Let c(g) = g**2 - 5*g - 1. Let f be c(m). Suppose 0 = -3*h - 0*k - k, -f*h = 2*k. Give a(h).
5
Let f(s) = 7*s**2 + 7*s + 5. Let w(r) = -15*r**2 - 15*r - 11. Let m(j) = 13*f(j) + 6*w(j). Give m(1).
1
Let d(c) = c - 19. Let p be d(7). Let l be (8/(32/p))/((-3)/(-8)). Let k(y) = y + 11. Calculate k(l).
3
Let d(l) = -2*l**2 + 5*l. Let b(j) = 2 + 33*j**2 - 4*j - 32*j**2 - 2. Let f(a) = 4*b(a) + 3*d(a). Give f(-1).
-1
Let l(r) be the first derivative of -r**3/2 + r**2/2 - r - 2. Let j(w) be the first derivative of l(w). Let p(a) = 7*a + 75. Let y be p(-11). Give j(y).
7
Suppose 0 = -0*d + 2*d. Let g(l) = -7*l - 5. Let a = 141 - 135. Let r(t) = -15*t - 9. Let j(o) = a*r(o) - 13*g(o). Give j(d).
11
Let h(j) = 17*j**3 - 4*j**2 - 10*j + 8. Let i(p) = -59*p**3 + 12*p**2 + 31*p - 25. Let d(y) = 7*h(y) + 2*i(y). Let g = 12 - 7. Calculate d(g).
-9
Let o(c) = -c**2 - 2*c + 4. Let q(m) = -9 + m + 0 - 2 + 0. Let g be q(13). Let t(w) = w**2 - 5*w + 3. Let p be t(g). Give o(p).
1
Let d(s) = s + 8. Let q be (16/(-6))/((48/(-90))/(-4)). Let v be (-21 - q)*(-2 - -10). Give d(v).
0
Let l be -2 - (-2)/(0 - -2). Let d(v) = -14*v + 5. Let s(y) = -6*y + 2. Let f(a) = -3*d(a) + 8*s(a). Determine f(l).
7
Let d(i) be the first derivative of -2*i**2 - 3*i + 24. What is d(-3)?
9
Let t(g) = -32*g + 81. Let f be t(3). Let r(b) = b**3 + 16*b**2 + 15*b. What is r(f)?
0
Let o(s) be the first derivative of -s**4/4 - 7*s**3/3 - 9*s**2/2 - 3*s - 33. Give o(-6).
15
Let v(a) = -897*a + 4 - 3 + 891*a. Give v(2).
-11
Let l(o) = -o + 21. Let b = -264 - -280. What is l(b)?
5
Let z(y) = 25*y - 9. Let n(p) = -27*p + 11. Let a(r) = -5*n(r) - 6*z(r). Let s(v) = -v - 3. Let l be s(-4). Determine a(l).
-16
Let b(d) be the first derivative of d**4/4 + d**3/3 - d**2 + d - 204. Determine b(3).
31
Let d(z) = -7*z**2 - z. Let s be d(1). Let t = s + 14. Suppose -2*r - t = m - 14, -5*m + 10 = -5*r. Let o(h) = -2*h**2 + h - 2. Give o(r).
-8
Let v(w) be the first derivative of -3*w**6/40 + w**5/60 + w**4/24 + 11*w**2/2 + 9. Let h(u) be the second derivative of v(u). Give h(-1).
9
Let m(n) = 20*n + 22. Let h(d) = -33*d - 42. Let l(r) = 3*h(r) + 5*m(r). Let o be (-3)/9 + 44/6. Calculate l(o).
-9
Let y(d) = 0 + d - 1 - 6 + 7. Suppose 0 = -b, 2*g + 0*g - 16 = 5*b. Let w be ((-15)/(-12))/((-2)/g). Determine y(w).
-5
Let l(y) = -y - 8. Suppose 0 = -f - 26 - 6. Let p = f + 82. Suppose 4*z = 22 - p. Determine l(z).
-1
Let g(w) be the third derivative of 0 + 1/60*w**5 + 11/24*w**4 + 0*w + 13/6*w**3 - 37*w**2. Determine g(-9).
-5
Let z(a) be the second derivative of -a + 1/30*a**5 + 0*a**4 - 1/360*a**6 + 0 - 2/3*a**3 + 0*a**2. Let k(p) be the second derivative of z(p). Give k(4).
0
Let r(b) = b**3 - 7*b**2 - 7*b - 11. Let i be r(8). Let u be (-17)/((-3 + 6)/i). Let p(z) = -9*z**2 - 8*z + u*z - 9*z. Calculate p(-1).
-9
Let q(n) = -n - 1. Let b(h) = -2*h - 11. Let s b